13.
29
Convert 8 (base 15) to base 2.
1000
What is 1 (base 5) in base 7?
1
-4 (base 10) to base 2
-100
-151 (base 8) to base 2
-1101001
16 (base 15) to base 14
17
-78 (base 10) to base 7
-141
-110 (base 6) to base 15
-2c
-2 (base 9) to base 12
-2
Convert -1231 (base 4) to base 2.
-1101101
-2 (base 12) to base 11
-2
-100 (base 2) to base 9
-4
What is -1000001 (base 2) in base 7?
-122
Convert -1010 (base 4) to base 6.
-152
5 (base 9) to base 13
5
bd (base 15) to base 2
10110010
Convert 450 (base 7) to base 12.
173
3 (base 9) to base 6
3
-13 (base 14) to base 12
-15
What is -120 (base 10) in base 2?
-1111000
What is 10101 (base 2) in base 5?
41
-3 (base 6) to base 12
-3
Convert 0 (base 4) to base 9.
0
What is 10 (base 7) in base 8?
7
Convert -88 (base 13) to base 12.
-94
What is 0 (base 9) in base 14?
0
What is 0 (base 9) in base 11?
0
5 (base 9) to base 16
5
47 (base 15) to base 10
67
-36 (base 9) to base 6
-53
Convert 16 (base 11) to base 7.
23
What is -2 (base 3) in base 10?
-2
86 (base 10) to base 3
10012
Convert -3 (base 12) to base 10.
-3
What is 0 (base 14) in base 16?
0
Convert 52 (base 7) to base 11.
34
-4 (base 16) to base 6
-4
-2 (base 16) to base 7
-2
7a (base 11) to base 2
1010111
2034 (base 5) to base 16
10d
14 (base 5) to base 6
13
-111 (base 2) to base 8
-7
What is 100101 (base 2) in base 5?
122
4 (base 13) to base 2
100
16 (base 13) to base 11
18
What is 7 (base 15) in base 14?
7
Convert -5 (base 8) to base 14.
-5
-10 (base 10) to base 5
-20
What is -3 (base 12) in base 4?
-3
Convert 0 (base 3) to base 7.
0
What is 400 (base 7) in base 6?
524
Convert -4 (base 5) to base 3.
-11
What is b (base 13) in base 12?
b
0 (base 9) to base 10
0
What is -25 (base 14) in base 11?
-30
-19 (base 15) to base 2
-11000
What is 3 (base 9) in base 3?
10
-111 (base 15) to base 9
-287
2d (base 14) to base 6
105
What is -2 (base 3) in base 4?
-2
What is 4 (base 5) in base 4?
10
Convert 1011 (base 3) to base 13.
25
-3 (base 15) to base 11
-3
What is -140 (base 16) in base 2?
-101000000
What is 58 (base 12) in base 8?
104
What is 4 (base 16) in base 3?
11
What is 8 (base 12) in base 2?
1000
What is 2 (base 7) in base 6?
2
77 (base 10) to base 14
57
Convert 2110 (base 3) to base 9.
73
Convert 0 (base 8) to base 3.
0
Convert -1 (base 15) to base 4.
-1
Convert -1f (base 16) to base 2.
-11111
What is 135 (base 6) in base 4?
323
What is 4 (base 6) in base 10?
4
-76 (base 10) to base 9
-84
Convert 11 (base 3) to base 12.
4
What is 0 (base 11) in base 9?
0
What is -10100 (base 2) in base 12?
-18
What is 8 (base 12) in base 7?
11
4 (base 13) to base 9
4
What is 5 (base 10) in base 2?
101
-1b1 (base 13) to base 9
-377
Convert 1113 (base 6) to base 13.
171
What is 8 (base 9) in base 15?
8
What is -21 (base 7) in base 2?
-1111
Convert -12 (base 12) to base 8.
-16
Convert -14 (base 12) to base 10.
-16
What is 400 (base 8) in base 5?
2011
-1 (base 11) to base 2
-1
2 (base 4) to base 12
2
What is -44 (base 8) in base 11?
-33
What is 12 (base 6) in base 8?
10
-32 (base 6) to base 16
-14
Convert -3 (base 7) to base 12.
-3
-20 (base 8) to base 10
-16
22 (base 5) to base 4
30
Convert -1 (base 13) to base 3.
-1
Convert 44 (base 6) to base 13.
22
Convert 105 (base 6) to base 14.
2d
-25 (base 10) to base 15
-1a
11 (base 12) to base 13
10
Convert -1 (base 6) to base 4.
-1
6 (base 13) to base 3
20
What is -2 (base 5) in base 2?
-10
-1 (base 12) to base 8
-1
5 (base 16) to base 2
101
What is -65 (base 9) in base 12?
-4b
-404 (base 8) to base 5
-2020
-1 (base 15) to base 6
-1
434 (base 6) to base 13
ca
Convert 120 (base 3) to base 9.
16
What is -2 (base 6) in base 15?
-2
Convert 4 (base 7) to base 13.
4
3 (base 9) to base 6
3
-2f (base 16) to base 14
-35
Convert c (base 15) to base 8.
14
Convert -3 (base 5) to base 3.
-10
Convert 0 (base 11) to base 14.
0
-2 (base 11) to base 8
-2
What is 1131 (base 6) in base 2?
100001111
Convert -1 (base 3) to base 13.
-1
What is 39 (base 12) in base 8?
55
Convert 116 (base 7) to base 16.
3e
What is -141 (base 7) in base 11?
-71
Convert 1 (base 11) to base 5.
1
What is 1 (base 14) in base 3?
1
-24 (base 8) to base 6
-32
2 (base 7) to base 2
10
What is 11 (base 5) in base 2?
110
11 (base 4) to base 11
5
Convert -2 (base 12) to base 10.
-2
What is 0 (base 6) in base 3?
0
10 (base 2) to base 15
2
Convert 89 (base 13) to base 15.
78
Convert 120 (base 3) to base 4.
33
What is -111 (base 2) in base 7?
-10
What is 8 (base 10) in base 5?
13
What is -154 (base 6) in base 2?
-1000110
Convert -8 (base 16) to base 11.
-8
Convert -554 (base 6) to base 11.
-185
What is -cc (base 14) in base 9?
-220
What is 1 (base 16) in base 13?
1
What is -4 (base 11) in base 14?
-4
What is 312 (base 5) in base 13?
64
-100 (base 3) to base 13
-9
What is -17 (base 12) in base 9?
-21
-4 (base 5) to base 6
-4
What is -c (base 13) in base 15?
-c
Convert 11001110 (base 2) to base 12.
152
What is -4 (base 7) in base 5?
-4
What is -50 (base 6) in base 12?
-26
12 (base 15) to base 14
13
Convert 91 (base 14) to base 7.
241
3230 (base 4) to base 5
1421
Convert 4 (base 14) to base 2.
100
Convert 4 (base 16) to base 4.
10
12 (base 3) to base 2
101
What is -21 (base 14) in base 7?
-41
Convert -3 (base 14) to base 3.
-10
2 (base 5) to base 9
2
-7 (base 16) to base 13
-7
What is 3 (base 14) in base 2?
11
Convert -1001111 (base 2) to base 16.
-4f
What is 63 (base 7) in base 9?
50
What is 0 (base 14) in base 5?
0
Convert -91 (base 16) to base 6.
-401
-1 (base 12) to base 11
-1
What is -2 (base 3) in base 9?
-2
d (base 15) to base 16
d
Convert -10101101 (base 2) to base 9.
-212
-21 (base 3) to base 12
-7
What is -342 (base 7) in base 11?
-151
40 (base 15) to base 3
2020
What is 103 (base 8) in base 14?
4b
Convert -188 (base 9) to base 5.
-1121
0 (base 13) to base 2
0
-12 (base 15) to base 10
-17
5 (base 12) to base 15
5
What is 9 (base 12) in base 13?
9
Convert 110 (base 6) to base 8.
52
What is -4 (base 10) in base 12?
-4
What is 4 (base 9) in base 11?
4
What is -6f (base 16) in base 11?
-a1
Convert -69 (base 16) to base 5.
-410
What is -5 (base 11) in base 3?
-12
What is -3220 (base 4) in base 6?
-1024
Convert -104 (base 5) to base 10.
-29
What is -10 (base 4) in base 15?
-4
Convert 105 (base 9) to base 12.
72
Convert -3 (base 4) to base 10.
-3
3 (base 8) to base 10
3
Convert -27 (base 11) to base 16.
-1d
Convert 11 (base 12) to base 15.
d
What is -1 (base 11) in base 3?
-1
Convert 39 (base 16) to base 10.
57
Convert -110 (base 2) to base 13.
-6
Convert 2 (base 16) to base 8.
2
What is 8 (base 16) in base 7?
11
Convert 8 (base 13) to base 9.
8
What is 3 (base 8) in base 15?
3
What is 4 (base 16) in base 10?
4
Convert 1 (base 10) to base 7.
1
What is 10 (base 4) in base 5?
4
What is -9 (base 11) in base 15?
-9
Convert -29 (base 15) to base 11.
-36
What is 32 (base 6) in base 10?
20
Convert 5 (base 9) to base 8.
5
What is -13 (base 6) in base 13?
-9
What is -36 (base 16) in base 9?
-60
What is 22111 (base 3) in base 2?
11100101
Convert 136 (base 8) to base 12.
7a
Convert 20 (base 15) to base 8.
36
What is -100100001 (base 2) in base 3?
-101201
What is -4 (base 10) in base 14?
-4
12 (base 6) to base 12
8
Convert 64 (base 10) to base 16.
40
2 (base 7) to base 15
2
Convert -77 (base 13) to base 6.
-242
What is -501 (base 9) in base 10?
-406
Convert -21 (base 15) to base 11.
-29
Convert -2 (base 13) to base 5.
-2
3 (base 15) to base 6
3
-2 (base 15) to base 8
-2
Convert -131 (base 4) to base 14.
-21
-96 (base 13) to base 9
-146
55 (base 16) to base 9
104
Convert -52 (base 6) to base 15.
-22
-5 (base 15) to base 14
-5
Convert -1103 (base 4) to base 8.
-123
What is -4 (base 11) in base 2?
-100
What is -10201 (base 3) in base 8?
-144
What is 76 (base 16) in base 10?
118
Convert -8 (base 13) to base 6.
-12
Convert -10 (base 6) to base 12.
-6
Convert 14 (base 14) to base 10.
18
What is 54 (base 14) in base 2?
1001010
-a (base 13) to base 16
-a
What is 3 (base 15) in base 8?
3
16 (base 7) to base 14
d
What is -3 (base 4) in base 12?
-3
Convert -11 (base 11) to base 15.
-c
1 (base 8) to base 4
1
What is 5 (base 8) in base 4?
11
-111 (base 3) to base 12
-11
Convert 1 (base 16) to base 11.
1
8 (base 16) to base 7
11
Convert 3 (base 9) to base 6.
3
What is -1012 (base 5) in base 11?
-110
Convert -12